{"id":21,"date":"2015-09-08T12:47:13","date_gmt":"2015-09-08T10:47:13","guid":{"rendered":"http:\/\/westerwaldbrand.de\/?page_id=21"},"modified":"2015-09-10T18:13:18","modified_gmt":"2015-09-10T16:13:18","slug":"meine-braende","status":"publish","type":"page","link":"https:\/\/westerwaldbrand.de\/?page_id=21","title":{"rendered":"Meine Br\u00e4nde"},"content":{"rendered":"<p>Ich verarbeite verschiedene Obstsorten zu feinsten Br\u00e4nden.<\/p>\n<p>Dabei verwende ich fast ausschlie\u00dflich Fr\u00fcchte von eigenen Streuobstwiesen im Westerwald. Einen weiteren Einblick bekommen sie, wenn sie die entsprechenden Br\u00e4nde anklicken.<\/p>\n<table>\n<tbody>\n<tr>\n<td><a href=\"http:\/\/westerwaldbrand.de\/wp-content\/uploads\/2015\/09\/zwetschgen.jpg\"><img loading=\"lazy\" decoding=\"async\" class=\"alignnone size-medium wp-image-42\" src=\"http:\/\/westerwaldbrand.de\/wp-content\/uploads\/2015\/09\/zwetschgen-300x258.jpg\" alt=\"zwetschgen\" width=\"300\" height=\"258\" srcset=\"https:\/\/westerwaldbrand.de\/wp-content\/uploads\/2015\/09\/zwetschgen-300x258.jpg 300w, https:\/\/westerwaldbrand.de\/wp-content\/uploads\/2015\/09\/zwetschgen.jpg 588w\" sizes=\"auto, (max-width: 300px) 100vw, 300px\" \/><\/a><\/td>\n<td><\/td>\n<\/tr>\n<tr>\n<td><a href=\"http:\/\/westerwaldbrand.de\/wp-content\/uploads\/2015\/09\/mirabelle.jpg\"><img loading=\"lazy\" decoding=\"async\" class=\"alignnone size-medium wp-image-40\" src=\"http:\/\/westerwaldbrand.de\/wp-content\/uploads\/2015\/09\/mirabelle-300x258.jpg\" alt=\"mirabelle\" width=\"300\" height=\"258\" srcset=\"https:\/\/westerwaldbrand.de\/wp-content\/uploads\/2015\/09\/mirabelle-300x258.jpg 300w, https:\/\/westerwaldbrand.de\/wp-content\/uploads\/2015\/09\/mirabelle.jpg 588w\" sizes=\"auto, (max-width: 300px) 100vw, 300px\" \/><\/a><\/td>\n<td><\/td>\n<\/tr>\n<tr>\n<td><a href=\"http:\/\/westerwaldbrand.de\/wp-content\/uploads\/2015\/09\/quitte.jpg\"><img loading=\"lazy\" decoding=\"async\" class=\"alignnone size-medium wp-image-41\" src=\"http:\/\/westerwaldbrand.de\/wp-content\/uploads\/2015\/09\/quitte-300x258.jpg\" alt=\"quitte\" width=\"300\" height=\"258\" srcset=\"https:\/\/westerwaldbrand.de\/wp-content\/uploads\/2015\/09\/quitte-300x258.jpg 300w, https:\/\/westerwaldbrand.de\/wp-content\/uploads\/2015\/09\/quitte.jpg 588w\" sizes=\"auto, (max-width: 300px) 100vw, 300px\" \/><\/a><\/td>\n<td><\/td>\n<\/tr>\n<tr>\n<td><a href=\"http:\/\/westerwaldbrand.de\/wp-content\/uploads\/2015\/09\/apfel.jpg\"><img loading=\"lazy\" decoding=\"async\" class=\"alignnone size-medium wp-image-37\" src=\"http:\/\/westerwaldbrand.de\/wp-content\/uploads\/2015\/09\/apfel-300x258.jpg\" alt=\"apfel\" width=\"300\" height=\"258\" srcset=\"https:\/\/westerwaldbrand.de\/wp-content\/uploads\/2015\/09\/apfel-300x258.jpg 300w, https:\/\/westerwaldbrand.de\/wp-content\/uploads\/2015\/09\/apfel.jpg 588w\" sizes=\"auto, (max-width: 300px) 100vw, 300px\" \/><\/a><\/td>\n<td><\/td>\n<\/tr>\n<tr>\n<td><a href=\"http:\/\/westerwaldbrand.de\/wp-content\/uploads\/2015\/09\/kirsch.jpg\"><img loading=\"lazy\" decoding=\"async\" class=\"alignnone size-medium wp-image-35\" src=\"http:\/\/westerwaldbrand.de\/wp-content\/uploads\/2015\/09\/kirsch-300x258.jpg\" alt=\"kirsch\" width=\"300\" height=\"258\" srcset=\"https:\/\/westerwaldbrand.de\/wp-content\/uploads\/2015\/09\/kirsch-300x258.jpg 300w, https:\/\/westerwaldbrand.de\/wp-content\/uploads\/2015\/09\/kirsch.jpg 588w\" sizes=\"auto, (max-width: 300px) 100vw, 300px\" \/><\/a>\n<\/td>\n<td><\/td>\n<\/tr>\n<tr>\n<td><a href=\"http:\/\/westerwaldbrand.de\/wp-content\/uploads\/2015\/09\/aprikose.jpg\"><img loading=\"lazy\" decoding=\"async\" class=\"alignnone size-medium wp-image-33\" src=\"http:\/\/westerwaldbrand.de\/wp-content\/uploads\/2015\/09\/aprikose-300x258.jpg\" alt=\"aprikose\" width=\"300\" height=\"258\" srcset=\"https:\/\/westerwaldbrand.de\/wp-content\/uploads\/2015\/09\/aprikose-300x258.jpg 300w, https:\/\/westerwaldbrand.de\/wp-content\/uploads\/2015\/09\/aprikose.jpg 588w\" sizes=\"auto, (max-width: 300px) 100vw, 300px\" \/><\/a><\/td>\n<td><\/td>\n<\/tr>\n<tr>\n<td><a href=\"http:\/\/westerwaldbrand.de\/wp-content\/uploads\/2015\/09\/birne.jpg\"><img loading=\"lazy\" decoding=\"async\" class=\"alignnone size-medium wp-image-38\" src=\"http:\/\/westerwaldbrand.de\/wp-content\/uploads\/2015\/09\/birne-300x258.jpg\" alt=\"birne\" width=\"300\" height=\"258\" srcset=\"https:\/\/westerwaldbrand.de\/wp-content\/uploads\/2015\/09\/birne-300x258.jpg 300w, https:\/\/westerwaldbrand.de\/wp-content\/uploads\/2015\/09\/birne.jpg 588w\" sizes=\"auto, (max-width: 300px) 100vw, 300px\" \/><\/a><\/td>\n<td><\/td>\n<\/tr>\n<\/tbody>\n<\/table>\n","protected":false},"excerpt":{"rendered":"<p>Ich verarbeite verschiedene Obstsorten zu feinsten Br\u00e4nden. Dabei verwende ich fast ausschlie\u00dflich Fr\u00fcchte von eigenen Streuobstwiesen im Westerwald. Einen weiteren Einblick bekommen sie, wenn sie die entsprechenden Br\u00e4nde anklicken.<\/p>\n","protected":false},"author":1,"featured_media":0,"parent":0,"menu_order":0,"comment_status":"closed","ping_status":"closed","template":"","meta":{"footnotes":""},"class_list":["post-21","page","type-page","status-publish","hentry"],"_links":{"self":[{"href":"https:\/\/westerwaldbrand.de\/index.php?rest_route=\/wp\/v2\/pages\/21","targetHints":{"allow":["GET"]}}],"collection":[{"href":"https:\/\/westerwaldbrand.de\/index.php?rest_route=\/wp\/v2\/pages"}],"about":[{"href":"https:\/\/westerwaldbrand.de\/index.php?rest_route=\/wp\/v2\/types\/page"}],"author":[{"embeddable":true,"href":"https:\/\/westerwaldbrand.de\/index.php?rest_route=\/wp\/v2\/users\/1"}],"replies":[{"embeddable":true,"href":"https:\/\/westerwaldbrand.de\/index.php?rest_route=%2Fwp%2Fv2%2Fcomments&post=21"}],"version-history":[{"count":12,"href":"https:\/\/westerwaldbrand.de\/index.php?rest_route=\/wp\/v2\/pages\/21\/revisions"}],"predecessor-version":[{"id":63,"href":"https:\/\/westerwaldbrand.de\/index.php?rest_route=\/wp\/v2\/pages\/21\/revisions\/63"}],"wp:attachment":[{"href":"https:\/\/westerwaldbrand.de\/index.php?rest_route=%2Fwp%2Fv2%2Fmedia&parent=21"}],"curies":[{"name":"wp","href":"https:\/\/api.w.org\/{rel}","templated":true}]}}